uppose 0 = m + 25 - u. What is the remainder when m is divided by 14?
4
Calculate the remainder when 1153 is divided by 26/((-728)/294)*-10.
103
Let k = -2028 - -2042. Let n(p) = -2*p + 3. Suppose -2*s = -5*w + 11, -4*s - 5 = 2*w + 5. Calculate the remainder when k is divided by n(s).
5
Let f = -67 + 68. Calculate the remainder when ((-3)/(-6) + 1)/(6/616) is divided by 40 + 1 - (1 + f).
37
Suppose -4*s - 2626 = -5*p, p = 3*s - 69 + 592. What is the remainder when p is divided by 33?
31
Suppose 0 = -3*n - 0*n + 75. Suppose k - n = 6*k, -4*k - 4 = 2*z. Calculate the remainder when 3 + 59 + -1*(-5 + 7) is divided by z.
4
Let t = 292 - 289. Suppose -f - t*v = -65, 3 = v + 2*v. Calculate the remainder when f is divided by 25.
12
Let x be 6/(-2 + (-15)/(-6)). Suppose 5*u = 2*u + x, r - 4*u = 11. Let o(h) = -2*h**2 - 110*h - 305. Calculate the remainder when r is divided by o(-52).
6
Let m be (1 - 1)/(15 + -1 - 16). Suppose m = -3*y + 9, 0 = -2*n + y + 667 - 122. Calculate the remainder when n is divided by 55.
54
Suppose 4*n - 3*g = 78, -95 = -5*n + 4*g + 3. What is the remainder when 242 is divided by n?
8
Let j(v) = 2*v**2 + 56*v - 1090. Let z = -20 + 42. Calculate the remainder when j(-42) is divided by z.
20
Let n(x) = x**2 - 18*x + 29. Let y be 85/75 - (-4)/(-30) - -200. Suppose 2*a + 78 = 2*o, -o - y = -6*o + 3*a. What is the remainder when o is divided by n(17)?
6
Calculate the remainder when 2185 is divided by (-117)/2*(-9408)/504.
1
Calculate the remainder when ((-216)/(-144))/(9/2622) is divided by 57.
38
What is the remainder when 2090562/150 + (-3)/30*(-8)/(-10) is divided by 34?
31
Let r = 7 + 34. Suppose r*z + 170 = 51*z. What is the remainder when 54 is divided by z?
3
Suppose 115 = 3*p - 5*z, 4*p + 2*z + 78 = 6*p. What is the remainder when 103 is divided by p?
23
Let k(i) = -i**3 - 6*i**2 + 4*i - 3. Let a be k(-6). What is the remainder when 68 is divided by a/99 + 223/11?
8
Let r(j) = -j**3 - 42*j**2 - 3*j - 72. Let i be r(-42). Suppose 2*d = -4*f + 22, 7*d - 5*d - i = 4*f. Calculate the remainder when d is divided by 14.
5
Let x be 58 - (1 + 3/(-1)). Let t = 40 - x. Let j = -5 - t. Calculate the remainder when 72 is divided by j.
12
Let p = 8243 - 8084. What is the remainder when 787 is divided by p?
151
Suppose 3*f - 195 - 399 = 0. Let l = -293 - -310. Suppose -l*z + 187 = -663. Calculate the remainder when f is divided by z.
48
What is the remainder when 290 is divided by 16550/62 + (-152)/(-2356)?
23
Let f(q) = 22 - 5 - 10*q**2 + 8*q + q + q**3. Let w = 3705 + -3696. Calculate the remainder when 49 is divided by f(w).
15
Suppose 0 = -4*m - m + 10. Suppose -m*k + 9 = 5. Suppose -t = 2*g - 51, -3*t - k*g + 223 = 2*t. Calculate the remainder when 128 is divided by t.
42
Let l = -26466 + 27262. What is the remainder when 2405 is divided by l?
17
Let b(s) = 58*s - 98. Let g be b(10). Suppose 34 = 12*j - g. What is the remainder when 243 is divided by j?
28
Let k = -2265 + 2386. Calculate the remainder when 1068 is divided by k.
100
Let x(b) be the first derivative of b**3/3 - 2*b**2 + 3*b - 2. Let u be x(5). Suppose u = -2*c + 88. Calculate the remainder when c is divided by 21.
19
Suppose 6*o - 4*o = 26. Let d(q) = q + 11. Suppose 0 = -16*w - 58 - 38. What is the remainder when o is divided by d(w)?
3
Suppose 0 = -9*v - 34*v + 2537. Suppose -553*l = -552*l - v. What is the remainder when l is divided by 22?
15
Let c = 135 + -139. Calculate the remainder when 472 is divided by (-860)/(-12) + c - (-1)/3.
64
Suppose -6871 = -2*o + 3*y, -5*o + 4*y - 8363 = -25516. What is the remainder when o is divided by 48?
17
Let s(d) = d - 5. Suppose 0 = -5*a + 2*g + 29, 0 = -4*a + 3*g + 11 + 8. What is the remainder when 32 is divided by s(a)?
0
Suppose g + 2 = 2*g. Suppose -2*a - n + 3 = 0, 3*n = g*a - n + 22. What is the remainder when a*(-3)/(15/265) is divided by 27?
26
Let g(v) = v**2 + 2*v + 6. Let x be g(-3). Suppose -14*a = x*a - 3289. What is the remainder when a is divided by 12?
11
Suppose 3*o - o = -4*o. Suppose 0 = 5*d - 3*a - 115, o = 2*d - 3*d + a + 23. Calculate the remainder when d is divided by 4.
3
Let h = 604 + -639. What is the remainder when 126 is divided by (h/(-21)*1)/(2/12)?
6
Suppose -263 = -16*t + 345. Calculate the remainder when 183 is divided by t.
31
Let p(i) = 2*i**2 + 59*i - 1510. Calculate the remainder when 1932 is divided by p(-46).
4
Suppose -6547 = -60*r + 2213. What is the remainder when 195 is divided by r?
49
Let d = 4772 - 4415. What is the remainder when d is divided by 115?
12
Let t(m) = m + 50. Suppose -3*c + 2*h + 118 = -6*c, 4*c = -5*h - 148. What is the remainder when 15 is divided by t(c)?
7
Suppose 37762*v = 37752*v + 1510. Calculate the remainder when v is divided by 48.
7
Let c(g) = -g**2 - 20*g - 31. Suppose 0*p = p + 11. What is the remainder when 339 is divided by c(p)?
67
Let i = -6287 + 6310. What is the remainder when 410 is divided by i?
19
Suppose 67*o - 2664 = 43*o. Let n = o - 50. What is the remainder when 175 is divided by n?
53
Let c(k) = -21 - 12 + 13 - 2*k + 23*k + 122*k**2. Suppose -71 = -7*i + 4*i - 4*p, -3*i = -p - 76. What is the remainder when c(1) is divided by i?
23
Let v = 25814 - 23763. Calculate the remainder when v is divided by 40.
11
Suppose 25*u - 40 = 5*u. Calculate the remainder when u/5 - 1536/(-60) is divided by 16.
10
Let v be ((-28)/(-119))/((-22)/(-187)). What is the remainder when 10 is divided by 200/30 + 4/(-6) + v?
2
Let g(t) = 21*t - 50. Let i be g(7). Suppose i = -16*o + 481. What is the remainder when 334 is divided by o?
22
Let z be 2 - 4/8*10. Let q(i) = -3*i + 7. Let s be q(z). Calculate the remainder when 149 is divided by (-20)/(s/28 + (-52)/42).
29
Let o be (2378/(-290))/(1*1/(-5)). Suppose 0 = 13*x - o*x + 392. Calculate the remainder when 139 is divided by x.
13
Let r = -178 + 186. Let b(z) = -z**2 + 15*z + 10. What is the remainder when b(r) is divided by 15?
6
Let m(g) = 2*g**2 + 5*g. Let r be ((-1)/(-3))/((-3)/(-18)). Suppose -4*y + 5*b = -279, -3 = b - 4*b. What is the remainder when y is divided by m(r)?
17
Suppose 0 = -4*w - 3*g + 60 - 31, -12 = 3*w + 9*g. Calculate the remainder when 1307 is divided by w.
9
Let r = -2939 - -2988. What is the remainder when 134 is divided by r?
36
Suppose 0 = -5*o + 47 - 27. Suppose -g - 3*k = -240, 9*k - o*k + 734 = 3*g. What is the remainder when g is divided by 28?
19
Let u(t) = -t**2 - 33*t - 24. Let n be u(-32). Suppose 65 + 47 = n*i. Calculate the remainder when 52 is divided by i.
10
Suppose 3*j = j + 276. Calculate the remainder when 2/4 - j/(-4) is divided by 20/3 + 0/3 - (-1358)/582.
8
Let w(p) = -3*p**2 + 92*p + 176. Calculate the remainder when w(30) is divided by 16.
12
Let s(c) = -7*c - 26. Let p be s(-5). Suppose -6*x = -p*x + 108. Suppose -x*g = -37*g + 2. Calculate the remainder when g is divided by 1.
0
Let l(i) = 10*i**2 + 52*i - 166. What is the remainder when 208 is divided by l(3)?
48
Let b(c) = c + 3. Let l be b(-5). Let y(x) = -30*x + 2. Let h(a) = 2*a**3 + 22*a**2 - 200*a - 624. Calculate the remainder when y(l) is divided by h(-16).
14
Let n = 56 - -3. Suppose 34 - 10 = 12*s. Suppose -7*x = -2*x + s*c - n, -c = -4*x + 42. What is the remainder when 32 is divided by x?
10
Suppose 2*z + 153 = 5*r, -9*z = -2*r - 5*z + 58. Suppose -r*t = -22*t - 99. Calculate the remainder when 28 is divided by t.
6
Calculate the remainder when (-399)/(-133) - (-1 - 37) is divided by 12.
5
Let s(b) = 156*b**3 - b**2. Suppose 30*z = 25*z + 5. Calculate the remainder when s(z) is divided by 49.
8
What is the remainder when 1/(-4) - (-3006)/24 is divided by ((-17)/5 - (57 - 61))*15?
8
Suppose r = u - 149, 77*r - 571 = -4*u + 76*r. Calculate the remainder when u is divided by 48.
0
Suppose -56*p + 99 = 19*p - 5301. What is the remainder when 5687 is divided by p?
71
Let b(f) = -76*f - 28. Let u be b(-7). Suppose -734*w + 742*w = u. What is the remainder when 753 is divided by w?
60
Let x(c) = -590*c + 1211. What is the remainder when x(-6) is divided by 99?
98
Let r be 2/((-10)/369) + 80/100. Let i = r - -123. Suppose 66*o - 71*o = -i. Calculate the remainder when 49 is divided by o.
9
Suppose -14*i - 15*i + 5*i = -360. Calculate the remainder when 3118 is divided by i.
13
Calculate the remainder w